False
Is 44653517327 composite?
False
Is 58167458299 composite?
False
Is 213976343 a prime number?
False
Is 5040334061 composite?
True
Is 33328693009 composite?
True
Is 140499479951 prime?
True
Is 42573333701 a prime number?
False
Is 11598735493 a composite number?
False
Is 107959762679 a prime number?
True
Is 8124013127 prime?
True
Is 56295418187 prime?
False
Is 984432103 prime?
True
Is 925127993 a composite number?
True
Is 1889516173 a prime number?
True
Is 94166399 prime?
True
Is 55209705919 a prime number?
True
Is 3884517209 composite?
False
Is 952195865 a prime number?
False
Is 130436057 prime?
True
Is 2395072981 prime?
False
Is 1000478091 prime?
False
Is 755064799 a composite number?
True
Is 2618072257 a prime number?
True
Is 14481028717 prime?
True
Is 68711345687 a prime number?
True
Is 1597782073 composite?
False
Is 1731120095 a composite number?
True
Is 172897997 a prime number?
True
Is 519331567 composite?
False
Is 290417819 prime?
True
Is 140504851 prime?
True
Is 1033946923 a composite number?
False
Is 2500379539 composite?
True
Is 3120554413 prime?
False
Is 5083928039 a composite number?
False
Is 491401981 composite?
True
Is 15541475827 composite?
True
Is 18491073751 prime?
True
Is 23449528057 a prime number?
True
Is 18802158499 a composite number?
False
Is 163606169 a composite number?
True
Is 1914330889 composite?
True
Is 10081283027 a composite number?
True
Is 497330711 a composite number?
False
Is 183340637 a prime number?
True
Is 1086885847 a composite number?
True
Is 13194648403 a prime number?
False
Is 6885084607 prime?
True
Is 2145448871 a composite number?
False
Is 4077317 prime?
False
Is 412197889 a prime number?
True
Is 1405623827 prime?
True
Is 238030973 a prime number?
True
Is 41849740679 a composite number?
False
Is 516214729 composite?
False
Is 562660313 a prime number?
True
Is 10670430847 prime?
False
Is 37304626199 prime?
False
Is 4575432403 a prime number?
True
Is 214720530173 composite?
True
Is 59958284537 composite?
True
Is 47948768359 a composite number?
True
Is 13321947811 a composite number?
True
Is 51822182059 a prime number?
False
Is 2666868637 a prime number?
True
Is 1831755817 a composite number?
False
Is 553751167 a prime number?
False
Is 896531453 prime?
True
Is 8159063161 a composite number?
True
Is 64775449441 a composite number?
True
Is 121803197 composite?
False
Is 141276977 a composite number?
False
Is 97588157 a composite number?
False
Is 3504551201 a composite number?
False
Is 729897349 composite?
False
Is 13760000993 a composite number?
False
Is 327073119819 a prime number?
False
Is 766146967 a composite number?
False
Is 15809079289 prime?
True
Is 13103051837 prime?
True
Is 89130703 composite?
True
Is 390386651 prime?
True
Is 135906073 a composite number?
True
Is 34291094727 composite?
True
Is 6169998997 prime?
True
Is 20764144327 a prime number?
False
Is 678549701 composite?
False
Is 12442843981 composite?
False
Is 2013244201 prime?
False
Is 2013137519 a composite number?
False
Is 106953437369 prime?
True
Is 106987079 prime?
False
Is 106426274027 prime?
False
Is 9728432347 a prime number?
False
Is 430984273 a composite number?
True
Is 319342453 prime?
True
Is 552589813 a composite number?
True
Is 750391903 a prime number?
False
Is 185529060897 a prime number?
False
Is 899028983 composite?
True
Is 307470349267 a composite number?
False
Is 1263264661 prime?
False
Is 160062347 a prime number?
False
Is 760743859 a composite number?
False
Is 230270533 composite?
False
Is 37928154871 composite?
False
Is 513942413 a composite number?
False
Is 1586724673 prime?
False
Is 9750320843 a composite number?
False
Is 923230667 composite?
False
Is 78708231991 composite?
True
Is 622460599 a prime number?
True
Is 31527432991 prime?
True
Is 519378401 a composite number?
True
Is 15515977 a prime number?
False
Is 3886605899 a composite number?
True
Is 3539492167 a prime number?
True
Is 123018211 a composite number?
False
Is 13389209 a composite number?
True
Is 38520083581 prime?
False
Is 6888706613 composite?
True
Is 511343137 a prime number?
True
Is 2592231011 a composite number?
False
Is 36801659159 prime?
True
Is 116872079 prime?
True
Is 10331781445 a composite number?
True
Is 7710129001 composite?
False
Is 667959727 composite?
False
Is 522374899 a prime number?
True
Is 792147413 composite?
False
Is 535703969 composite?
True
Is 10321473809 a composite number?
True
Is 5013429847 a composite number?
True
Is 86752331 prime?
True
Is 320646671 a prime number?
False
Is 5456324381 composite?
False
Is 1239979529 prime?
True
Is 40221346897 composite?
False
Is 1805098769 a composite number?
False
Is 332563841 prime?
True
Is 9698141801 composite?
False
Is 1148193905 a prime number?
False
Is 994527553 prime?
True
Is 3689569 a composite number?
True
Is 438259951 a prime number?
True
Is 14101326257 composite?
True
Is 1674225911 a prime number?
True
Is 275962069 a prime number?
False
Is 9208926797 a composite number?
True
Is 3665433103 a prime number?
True
Is 2984625863 a prime number?
True
Is 3453959737 a prime number?
False
Is 1056813463 a composite number?
False
Is 49904211129 a prime number?
False
Is 32721225769 a composite number?
True
Is 110046408761 composite?
False
Is 166886261 prime?
True
Is 401289229 a composite number?
True
Is 14019001 a composite number?
True
Is 3336018331 a composite number?
False
Is 49774126391 prime?
False
Is 1366714831 a prime number?
True
Is 89584433 composite?
True
Is 42798688027 a composite number?
False
Is 42067555223 a prime number?
False
Is 800178037 a prime number?
True
Is 47614660439 prime?
True
Is 119267639 a prime number?
True
Is 564920983 prime?
False
Is 41714186471 composite?
False
Is 22546302469 composite?
True
Is 942170443 prime?
True
Is 1982581219 a prime number?
False
Is 14349485987 a composite number?
True
Is 30281432201 a composite number?
True
Is 5302848401 composite?
True
Is 614127659 prime?
False
Is 194426025517 a prime number?
True
Is 57258220309 composite?
False
Is 329093647 a composite number?
False
Is 229287147757 composite?
False
Is 4485700333 composite?
True
Is 441647071 composite?
False
Is 2749321409 a prime number?
True
Is 194447443607 prime?
False
Is 1112250613 a prime number?
True
Is 1780517503 a composite number?
False
Is 87230107 a composite number?
True
Is 111038180161 a prime number?
True
Is 2044915766 a prime number?
False
Is 14875594501 prime?
True
Is 8217248651 a composite number?
False
Is 38891029049 a composite number?
False
Is 864182173 a prime number?
False
Is 1892065301 prime?
False
Is 1987656631 prime?
False
Is 158141628221 a composite number?
True
Is 4578973541 a prime number?
True
Is 3130742443 composite?
True
Is 1011992359 composite?
True
Is 3151799437 prime?
False
Is 3166224563 a composite number?
False
Is 3031453921 composite?
False
Is 30997604527 a composite number?
False
Is 151909329523 composite?
True
Is 2929083889 composite?
True
Is 5820929095 composite?
True
Is 6652625563 a prime number?
True
Is 367447586753 a composite number?
True
Is 291657313769 a prime number?
True
Is 9206038649 a composite number?
False
Is 493258369 prime?
False
Is 181333223 composite?
True
Is 1080161611 a prime number?
False
Is 28166966029 a composite number?
False
Is 2802103673 a composite number?
True
Is 60864507709 a composite number?
False
Is 1732444061 a composite number?
False
Is 224560681 a prime number?
True
Is 17084349034 a composite number?
True
Is 25987098823 composite?
True
Is 10474561717 composite?
True
Is 10403768377 composite?
False
Is 150297287 a composite number?
True
Is 47654056019 composite?
True
Is 953769929 a prime number?
False
Is 8631931897 a composite number?
False
Is 2195464897 a composite number?
False
Is 80314543877 composite?
True
Is 17846985487 a prime number?
False
Is 216996809 prime?
True
Is 3451144519 prime?
False
Is 4796850007 a composite number?
True
Is 8575412413 composite?
False
Is 31200590711 composite?
False
Is 9793208897 a prime number?
False
Is 22205254069 a prime number?
False
Is 16982240947 a prime number?
False
Is 3567554639 prime?
False
Is 1185932921 a prime number?
False
Is 1676832719 composite?
True
Is 10394839417 composite?
False
Is 9329939 a composite number?
False
Is 1215538609 composite?
False
Is 159238951174 a prim